 prime factors of 194160?
2, 3, 5, 809
List the prime factors of 6764000.
2, 5, 19, 89
List the prime factors of 330322.
2, 165161
List the prime factors of 1381084.
2, 345271
List the prime factors of 761810.
2, 5, 7, 10883
List the prime factors of 21036342.
2, 3, 389, 9013
List the prime factors of 25758424.
2, 53, 79, 769
List the prime factors of 14764118.
2, 2557, 2887
List the prime factors of 771778.
2, 7, 55127
What are the prime factors of 3672605?
5, 19, 67, 577
What are the prime factors of 2450427?
3, 7, 116687
List the prime factors of 857438.
2, 37, 11587
List the prime factors of 3825408.
2, 3, 17, 293
What are the prime factors of 1087310?
2, 5, 7, 317
List the prime factors of 177367.
193, 919
List the prime factors of 4227934.
2, 17, 124351
What are the prime factors of 2205608?
2, 23, 11987
List the prime factors of 612523.
367, 1669
What are the prime factors of 243001?
11, 22091
List the prime factors of 4672233.
3, 19, 89, 307
What are the prime factors of 18399643?
727, 25309
What are the prime factors of 385585?
5, 67, 1151
What are the prime factors of 20945701?
7, 2992243
What are the prime factors of 153615?
3, 5, 7, 11, 19
What are the prime factors of 295545?
3, 5, 17, 19, 61
List the prime factors of 281627.
281627
What are the prime factors of 94318?
2, 7, 6737
List the prime factors of 751525.
5, 23, 1307
What are the prime factors of 30152627?
461, 65407
What are the prime factors of 924240?
2, 3, 5, 3851
What are the prime factors of 34638?
2, 3, 23, 251
What are the prime factors of 544930?
2, 5, 54493
What are the prime factors of 5772605?
5, 17, 113, 601
What are the prime factors of 9052?
2, 31, 73
List the prime factors of 3640961.
83, 43867
What are the prime factors of 1252089?
3, 139121
List the prime factors of 189379.
31, 41, 149
What are the prime factors of 8637399?
3, 557, 1723
List the prime factors of 435884.
2, 108971
What are the prime factors of 531875?
5, 23, 37
List the prime factors of 3383471.
7, 13, 37181
What are the prime factors of 366763?
29, 12647
List the prime factors of 1133584.
2, 70849
What are the prime factors of 48092?
2, 11, 1093
List the prime factors of 327773.
23, 14251
List the prime factors of 1187278.
2, 41, 14479
List the prime factors of 2994116.
2, 191, 3919
What are the prime factors of 2817131?
137, 20563
What are the prime factors of 263949?
3, 7, 12569
List the prime factors of 6184696.
2, 7, 110441
List the prime factors of 924807.
3, 13, 23, 1031
What are the prime factors of 671757?
3, 223919
What are the prime factors of 4010618?
2, 191, 10499
List the prime factors of 11092216.
2, 431, 3217
What are the prime factors of 9993131?
1571, 6361
List the prime factors of 451789.
13, 23, 1511
What are the prime factors of 1783639?
11, 13, 12473
What are the prime factors of 9558684?
2, 3, 79, 3361
List the prime factors of 6554887.
281, 23327
What are the prime factors of 21926237?
37, 592601
What are the prime factors of 2129719?
2129719
What are the prime factors of 729661?
729661
What are the prime factors of 33117?
3, 7, 19, 83
What are the prime factors of 555477?
3, 13, 14243
List the prime factors of 1395366.
2, 3, 7, 33223
List the prime factors of 381743.
229, 1667
List the prime factors of 1457150.
2, 5, 151, 193
What are the prime factors of 204610?
2, 5, 7, 37, 79
List the prime factors of 14265306.
2, 3, 11, 72047
List the prime factors of 104328.
2, 3, 7, 23
What are the prime factors of 1043307?
3, 17, 2273
What are the prime factors of 233767?
17, 13751
What are the prime factors of 9205766?
2, 19, 242257
List the prime factors of 897155.
5, 7, 25633
What are the prime factors of 42538?
2, 21269
What are the prime factors of 14108318?
2, 7, 223, 4519
What are the prime factors of 164062?
2, 82031
What are the prime factors of 413292?
2, 3, 11, 31, 101
What are the prime factors of 1441552?
2, 7, 61, 211
List the prime factors of 709731.
3, 11, 67, 107
List the prime factors of 132681.
3, 47, 941
What are the prime factors of 104155?
5, 37, 563
List the prime factors of 15026483.
1999, 7517
List the prime factors of 829333.
397, 2089
List the prime factors of 736956.
2, 3, 11, 1861
List the prime factors of 120718.
2, 13, 4643
List the prime factors of 3793410.
2, 3, 5, 113, 373
What are the prime factors of 4187840?
2, 5, 23, 569
List the prime factors of 11609550.
2, 3, 5, 25799
List the prime factors of 25609507.
7, 11, 47513
What are the prime factors of 14632264?
2, 67, 27299
List the prime factors of 26542.
2, 23, 577
List the prime factors of 552280.
2, 5, 13807
List the prime factors of 102504.
2, 3, 4271
What are the prime factors of 234141?
3, 17, 4591
List the prime factors of 10721530.
2, 5, 157, 6829
List the prime factors of 7010564.
2, 11, 137, 1163
List the prime factors of 111383.
31, 3593
What are the prime factors of 200159?
200159
List the prime factors of 19625722.
2, 9812861
What are the prime factors of 479161?
19, 25219
What are the prime factors of 236281?
277, 853
What are the prime factors of 7922283?
3, 2640761
List the prime factors of 812051.
812051
List the prime factors of 1460195.
5, 11, 139, 191
What are the prime factors of 660846?
2, 3, 83, 1327
List the prime factors of 76366.
2, 38183
List the prime factors of 348198.
2, 3, 131, 443
What are the prime factors of 4742727?
3, 11, 143719
List the prime factors of 11796447.
3, 13, 23, 13151
List the prime factors of 15989622.
2, 3, 11, 17, 14251
List the prime factors of 411627.
3, 137209
What are the prime factors of 219328?
2, 23, 149
What are the prime factors of 709933?
7, 101419
What are the prime factors of 1291378?
2, 11, 58699
What are the prime factors of 5503833?
3, 31, 19727
What are the prime factors of 24191?
17, 1423
What are the prime factors of 20947045?
5, 7, 598487
What are the prime factors of 366958?
2, 183479
List the prime factors of 18002696.
2, 2250337
What are the prime factors of 47663?
7, 11, 619
List the prime factors of 1274120.
2, 5, 53, 601
List the prime factors of 1048905.
3, 5, 11, 13, 163
List the prime factors of 2895861.
3, 23, 41969
What are the prime factors of 197694?
2, 3, 7, 523
What are the prime factors of 360758?
2, 180379
What are the prime factors of 559207?
11, 29, 1753
What are the prime factors of 10668?
2, 3, 7, 127
What are the prime factors of 865592?
2, 7, 13, 29, 41
List the prime factors of 401901.
3, 133967
List the prime factors of 35647252.
2, 701, 12713
List the prime factors of 791450.
2, 5, 11, 1439
List the prime factors of 6678782.
2, 11, 303581
List the prime factors of 190338.
2, 3, 31723
List the prime factors of 1908127.
13, 37, 3967
List the prime factors of 1718907.
3, 572969
List the prime factors of 205150.
2, 5, 11, 373
What are the prime factors of 26744126?
2, 2339, 5717
List the prime factors of 764839.
764839
List the prime factors of 8129218.
2, 107, 37987
List the prime factors of 12449.
59, 211
List the prime factors of 122134.
2, 79, 773
What are the prime factors of 2833764?
2, 3, 17, 29, 479
What are the prime factors of 3092094?
2, 3, 19087
What are the prime factors of 571203?
3, 63467
What are the prime factors of 122557?
122557
What are the prime factors of 1947081?
3, 97, 6691
List the prime factors of 2943748.
2, 735937
What are the prime factors of 369508?
2, 92377
List the prime factors of 397783.
17, 23399
What are the prime factors of 1057609?
7, 23, 6569
List the prime factors of 485184.
2, 3, 7, 19
List the prime factors of 487317.
3, 162439
What are the prime factors of 9897988?
2, 2474497
What are the prime factors of 9087201?
3, 336563
What are the prime factors of 154649?
11, 17, 827
What are the prime factors of 443887?
17, 26111
List the prime factors of 95513.
11, 19, 457
What are the prime factors of 544273?
544273
What are the prime factors of 95703?
3, 19, 23, 73
What are the prime factors of 8129094?
2, 3, 17, 79697
What are the prime factors of 437815?
5, 7, 1787
List the prime factors of 978968.
2, 79, 1549
List the prime factors of 213023.
213023
What are the prime factors of 1347078?
2, 3, 224513
What are the prime factors of 11197526?
2, 17, 61, 5399
List the prime factors of 8866142.
2, 73, 60727
List the prime factors of 952244.
2, 29, 8209
List th